{"id":126,"date":"2025-03-14T10:04:51","date_gmt":"2025-03-14T10:04:51","guid":{"rendered":"https:\/\/vem.point-com.net\/?page_id=126"},"modified":"2025-03-14T13:23:19","modified_gmt":"2025-03-14T13:23:19","slug":"agenda","status":"publish","type":"page","link":"https:\/\/vem.point-com.net\/index.php\/agenda\/","title":{"rendered":"Agenda 2025 :"},"content":{"rendered":"\n<figure class=\"wp-block-table is-style-stripes\"><table class=\"has-light-green-cyan-background-color has-background has-border-color has-vivid-cyan-blue-border-color has-fixed-layout\" style=\"border-width:3px\"><tbody><tr><td><strong>Date<\/strong><\/td><td><strong>Lieu<\/strong><\/td><td><strong>Manifestation<\/strong><\/td><\/tr><tr><td>5 Janvier <\/td><td>Parking Les Fontanelles<\/td><td>Rassemblement Mensuel<\/td><\/tr><tr><td>10 Janvier<\/td><td>Maison de Quartier Charles Trenet<\/td><td>Soir\u00e9e Galette<\/td><\/tr><tr><td>24 Janvier<\/td><td>Brasserie Le Ruisseau Arnage<\/td><td>Soir\u00e9e brasserie<\/td><\/tr><tr><td>2 F\u00e9vrier<\/td><td>Parking Les Fontanelles<\/td><td>Rassemblement Mensuel<\/td><\/tr><tr><td>21 F\u00e9vrier<\/td><td>Maison de Quartier Charles Trenet<\/td><td>Soir\u00e9e Gaufres et AG Extraordinaire<\/td><\/tr><tr><td>3 Mars<\/td><td>Parking Les Fontanelles<\/td><td>Rassemblement Mensuel<\/td><\/tr><tr><td>7 Mars<\/td><td>Maison de Quartier Charles Trenet<\/td><td>Soir\u00e9e Cr\u00eapes<\/td><\/tr><tr><td>23 Mars<\/td><td>Escapade en Anjou<\/td><td>Sortie de printemps<\/td><\/tr><tr><td>6 Avril<\/td><td>Parc des expositions<\/td><td>Salon Auto Moto R\u00e9tro<\/td><\/tr><tr><td>27 Avril<\/td><td>Le Mans <\/td><td>Journ\u00e9e Nationale des V\u00e9hicules d&rsquo;Epoque et 5 litres du Mans<\/td><\/tr><tr><td>4 Mai<\/td><td>Parking Les Fontanelles<\/td><td>Rassemblement Mensuel<\/td><\/tr><tr><td>1er Juin<\/td><td>Parking Les Fontanelles<\/td><td>Rassemblement Mensuel<\/td><\/tr><tr><td>6 Juin<\/td><td>Maison de Quartier Charles Trenet<\/td><td>20h30 R\u00e9union des Adh\u00e9rents<\/td><\/tr><tr><td>20, 21 et 22 juin<\/td><td>Sortie Tatihou<\/td><td>Sortie de 3 jours (Complet)<\/td><\/tr><tr><td>5 et 6 Juillet<\/td><td>Circuit Bugatti<\/td><td>Le Mans Classic<\/td><\/tr><tr><td>6 Juillet<\/td><td>Parking Les Fontanelles<\/td><td>Rassemblement Mensuel<\/td><\/tr><tr><td>3 Aout <\/td><td>Parking Les Fontanelles<\/td><td>Rassemblement Mensuel<\/td><\/tr><tr><td>5 Septembre<\/td><td>Maison de Quartier Charles Trenet<\/td><td>20h30 R\u00e9union des Adh\u00e9rents<\/td><\/tr><tr><td>7 Septembre<\/td><td>Parking Les Fontanelles<\/td><td>Rassemblement Mensuel<\/td><\/tr><tr><td>21 Septembre<\/td><td>Sortie du VEM<\/td><td>Journ\u00e9e Europ\u00e9enne Du Patrimoine<\/td><\/tr><tr><td>5 Octobre<\/td><td>Parking Les Fontanelles<\/td><td>Rassemblement Mensuel<\/td><\/tr><tr><td>12 Octobre<\/td><td>A pr\u00e9ciser le lieu <\/td><td>Rallye Interclubs<\/td><\/tr><tr><td>2 Novembre<\/td><td>Parking Les Fontanelles<\/td><td>Rassemblement Mensuel<\/td><\/tr><tr><td>22 Novembre<\/td><td>Maison de Quartier Charles Trenet<\/td><td>Assembl\u00e9e G\u00e9n\u00e9rale 2025<\/td><\/tr><tr><td>7 D\u00e9cembre<\/td><td>Parking Les Fontanelles<\/td><td>Rassemblement Mensuel<\/td><\/tr><\/tbody><\/table><\/figure>\n\n\n\n<p><\/p>\n","protected":false},"excerpt":{"rendered":"<p>Date Lieu Manifestation 5 Janvier Parking Les Fontanelles Rassemblement Mensuel 10 Janvier Maison de Quartier Charles Trenet Soir\u00e9e Galette 24 [&hellip;]<\/p>\n","protected":false},"author":2,"featured_media":0,"parent":0,"menu_order":0,"comment_status":"closed","ping_status":"closed","template":"","meta":{"_uag_custom_page_level_css":"","site-sidebar-layout":"default","site-content-layout":"","ast-site-content-layout":"default","site-content-style":"default","site-sidebar-style":"default","ast-global-header-display":"","ast-banner-title-visibility":"","ast-main-header-display":"","ast-hfb-above-header-display":"","ast-hfb-below-header-display":"","ast-hfb-mobile-header-display":"","site-post-title":"","ast-breadcrumbs-content":"","ast-featured-img":"","footer-sml-layout":"","ast-disable-related-posts":"","theme-transparent-header-meta":"","adv-header-id-meta":"","stick-header-meta":"","header-above-stick-meta":"","header-main-stick-meta":"","header-below-stick-meta":"","astra-migrate-meta-layouts":"default","ast-page-background-enabled":"default","ast-page-background-meta":{"desktop":{"background-color":"var(--ast-global-color-5)","background-image":"","background-repeat":"repeat","background-position":"center center","background-size":"auto","background-attachment":"scroll","background-type":"","background-media":"","overlay-type":"","overlay-color":"","overlay-opacity":"","overlay-gradient":""},"tablet":{"background-color":"","background-image":"","background-repeat":"repeat","background-position":"center center","background-size":"auto","background-attachment":"scroll","background-type":"","background-media":"","overlay-type":"","overlay-color":"","overlay-opacity":"","overlay-gradient":""},"mobile":{"background-color":"","background-image":"","background-repeat":"repeat","background-position":"center center","background-size":"auto","background-attachment":"scroll","background-type":"","background-media":"","overlay-type":"","overlay-color":"","overlay-opacity":"","overlay-gradient":""}},"ast-content-background-meta":{"desktop":{"background-color":"var(--ast-global-color-4)","background-image":"","background-repeat":"repeat","background-position":"center center","background-size":"auto","background-attachment":"scroll","background-type":"","background-media":"","overlay-type":"","overlay-color":"","overlay-opacity":"","overlay-gradient":""},"tablet":{"background-color":"var(--ast-global-color-4)","background-image":"","background-repeat":"repeat","background-position":"center center","background-size":"auto","background-attachment":"scroll","background-type":"","background-media":"","overlay-type":"","overlay-color":"","overlay-opacity":"","overlay-gradient":""},"mobile":{"background-color":"var(--ast-global-color-4)","background-image":"","background-repeat":"repeat","background-position":"center center","background-size":"auto","background-attachment":"scroll","background-type":"","background-media":"","overlay-type":"","overlay-color":"","overlay-opacity":"","overlay-gradient":""}},"footnotes":""},"class_list":["post-126","page","type-page","status-publish","hentry"],"uagb_featured_image_src":{"full":false,"thumbnail":false,"medium":false,"medium_large":false,"large":false,"1536x1536":false,"2048x2048":false},"uagb_author_info":{"display_name":"Olivier Raynaud Verrier","author_link":"https:\/\/vem.point-com.net\/index.php\/author\/olivier\/"},"uagb_comment_info":0,"uagb_excerpt":"Date Lieu Manifestation 5 Janvier Parking Les Fontanelles Rassemblement Mensuel 10 Janvier Maison de Quartier Charles Trenet Soir\u00e9e Galette 24 [&hellip;]","_links":{"self":[{"href":"https:\/\/vem.point-com.net\/index.php\/wp-json\/wp\/v2\/pages\/126","targetHints":{"allow":["GET"]}}],"collection":[{"href":"https:\/\/vem.point-com.net\/index.php\/wp-json\/wp\/v2\/pages"}],"about":[{"href":"https:\/\/vem.point-com.net\/index.php\/wp-json\/wp\/v2\/types\/page"}],"author":[{"embeddable":true,"href":"https:\/\/vem.point-com.net\/index.php\/wp-json\/wp\/v2\/users\/2"}],"replies":[{"embeddable":true,"href":"https:\/\/vem.point-com.net\/index.php\/wp-json\/wp\/v2\/comments?post=126"}],"version-history":[{"count":4,"href":"https:\/\/vem.point-com.net\/index.php\/wp-json\/wp\/v2\/pages\/126\/revisions"}],"predecessor-version":[{"id":134,"href":"https:\/\/vem.point-com.net\/index.php\/wp-json\/wp\/v2\/pages\/126\/revisions\/134"}],"wp:attachment":[{"href":"https:\/\/vem.point-com.net\/index.php\/wp-json\/wp\/v2\/media?parent=126"}],"curies":[{"name":"wp","href":"https:\/\/api.w.org\/{rel}","templated":true}]}}